{"id":1059,"date":"2022-02-28T06:55:17","date_gmt":"2022-02-28T06:55:17","guid":{"rendered":"https:\/\/pestis.fi\/?page_id=1059"},"modified":"2022-05-12T19:45:07","modified_gmt":"2022-05-12T19:45:07","slug":"tietoa-yrityksesta","status":"publish","type":"page","link":"https:\/\/pestis.fi\/index.php\/tietoa-yrityksesta\/","title":{"rendered":"Henkil\u00f6kunta"},"content":{"rendered":"\t\t<div data-elementor-type=\"wp-page\" data-elementor-id=\"1059\" class=\"elementor elementor-1059\" data-elementor-post-type=\"page\">\n\t\t\t\t\t\t<section class=\"elementor-section elementor-top-section elementor-element elementor-element-964b33e elementor-section-full_width elementor-section-height-min-height elementor-section-height-default elementor-section-items-middle\" data-id=\"964b33e\" data-element_type=\"section\" data-settings=\"{&quot;background_background&quot;:&quot;classic&quot;}\">\n\t\t\t\t\t\t<div class=\"elementor-container elementor-column-gap-default\">\n\t\t\t\t\t<div class=\"elementor-column elementor-col-100 elementor-top-column elementor-element elementor-element-e15cc37\" data-id=\"e15cc37\" data-element_type=\"column\">\n\t\t\t<div class=\"elementor-widget-wrap elementor-element-populated\">\n\t\t\t\t\t\t<div class=\"elementor-element elementor-element-4a9e66b elementor-widget elementor-widget-heading\" data-id=\"4a9e66b\" data-element_type=\"widget\" data-widget_type=\"heading.default\">\n\t\t\t\t<div class=\"elementor-widget-container\">\n\t\t\t\t\t<h2 class=\"elementor-heading-title elementor-size-default\">Yritys ja henkil\u00f6kunta<\/h2>\t\t\t\t<\/div>\n\t\t\t\t<\/div>\n\t\t\t\t\t<\/div>\n\t\t<\/div>\n\t\t\t\t\t<\/div>\n\t\t<\/section>\n\t\t\t\t<section class=\"elementor-section elementor-top-section elementor-element elementor-element-e95bf8b elementor-section-full_width elementor-section-height-min-height elementor-section-height-default elementor-section-items-middle\" data-id=\"e95bf8b\" data-element_type=\"section\">\n\t\t\t\t\t\t<div class=\"elementor-container elementor-column-gap-default\">\n\t\t\t\t\t<div class=\"elementor-column elementor-col-100 elementor-top-column elementor-element elementor-element-e2ad75c\" data-id=\"e2ad75c\" data-element_type=\"column\">\n\t\t\t<div class=\"elementor-widget-wrap\">\n\t\t\t\t\t\t\t<\/div>\n\t\t<\/div>\n\t\t\t\t\t<\/div>\n\t\t<\/section>\n\t\t\t\t<section class=\"elementor-section elementor-top-section elementor-element elementor-element-1c42610 elementor-section-full_width elementor-section-height-min-height elementor-section-items-top elementor-section-height-default\" data-id=\"1c42610\" data-element_type=\"section\">\n\t\t\t\t\t\t<div class=\"elementor-container elementor-column-gap-default\">\n\t\t\t\t\t<div class=\"elementor-column elementor-col-50 elementor-top-column elementor-element elementor-element-c709d7d\" data-id=\"c709d7d\" data-element_type=\"column\" data-settings=\"{&quot;background_background&quot;:&quot;classic&quot;}\">\n\t\t\t<div class=\"elementor-widget-wrap elementor-element-populated\">\n\t\t\t\t\t\t<div class=\"elementor-element elementor-element-e234b26 elementor-widget elementor-widget-heading\" data-id=\"e234b26\" data-element_type=\"widget\" data-widget_type=\"heading.default\">\n\t\t\t\t<div class=\"elementor-widget-container\">\n\t\t\t\t\t<h2 class=\"elementor-heading-title elementor-size-default\">Eija Suvio<\/h2>\t\t\t\t<\/div>\n\t\t\t\t<\/div>\n\t\t\t\t<div class=\"elementor-element elementor-element-e03ab90 elementor-widget elementor-widget-text-editor\" data-id=\"e03ab90\" data-element_type=\"widget\" data-widget_type=\"text-editor.default\">\n\t\t\t\t<div class=\"elementor-widget-container\">\n\t\t\t\t\t\t\t\t\t<p><img fetchpriority=\"high\" decoding=\"async\" class=\"size-medium wp-image-3125 alignleft\" src=\"https:\/\/pestis.fi\/wp-content\/uploads\/2022\/05\/Valokuva-henkilolta-Assi-225x300.jpg\" alt=\"\" width=\"225\" height=\"300\" srcset=\"https:\/\/pestis.fi\/wp-content\/uploads\/2022\/05\/Valokuva-henkilolta-Assi-225x300.jpg 225w, https:\/\/pestis.fi\/wp-content\/uploads\/2022\/05\/Valokuva-henkilolta-Assi-769x1024.jpg 769w, https:\/\/pestis.fi\/wp-content\/uploads\/2022\/05\/Valokuva-henkilolta-Assi-768x1022.jpg 768w, https:\/\/pestis.fi\/wp-content\/uploads\/2022\/05\/Valokuva-henkilolta-Assi-1154x1536.jpg 1154w, https:\/\/pestis.fi\/wp-content\/uploads\/2022\/05\/Valokuva-henkilolta-Assi.jpg 1232w\" sizes=\"(max-width: 225px) 100vw, 225px\" \/>Kuntohoitaja Eija Suvio on valmistunut Helsingin terveydenhuolto-oppilaitoksesta vuonna 1989.<\/p><p>H\u00e4n on ty\u00f6skennellyt mm. Ikaalisten kylpyl\u00e4ss\u00e4 kuntohoitajana vuosina 1989-1992 ja vuonna 1993 Eurajoella fysikaalinen hoitolaitos Kuntotaito ay:ss\u00e4.<\/p><p>Vuonna 1994 Eija aloitti ty\u00f6skentelyn yritt\u00e4j\u00e4n\u00e4 yhdess\u00e4 miehens\u00e4 Jukan kanssa perustamassaan fysikaalinen hoitolaitos Kunto-Eura Ky:ss\u00e4.<\/p><p>Vuonna 2011 Eija laajensi ty\u00f6kentt\u00e4\u00e4ns\u00e4 aloittamalla toimitusjohtajana kuntosali Euran Kuntis Oy:ss\u00e4, miss\u00e4 teht\u00e4v\u00e4ss\u00e4 h\u00e4n jatkoi 29.2.2016 asti.<\/p>\t\t\t\t\t\t\t\t<\/div>\n\t\t\t\t<\/div>\n\t\t\t\t\t<\/div>\n\t\t<\/div>\n\t\t\t\t<div class=\"elementor-column elementor-col-50 elementor-top-column elementor-element elementor-element-f467d17\" data-id=\"f467d17\" data-element_type=\"column\">\n\t\t\t<div class=\"elementor-widget-wrap elementor-element-populated\">\n\t\t\t\t\t\t<div class=\"elementor-element elementor-element-d99713b elementor-widget elementor-widget-heading\" data-id=\"d99713b\" data-element_type=\"widget\" data-widget_type=\"heading.default\">\n\t\t\t\t<div class=\"elementor-widget-container\">\n\t\t\t\t\t<h2 class=\"elementor-heading-title elementor-size-default\">Jukka Suvio<\/h2>\t\t\t\t<\/div>\n\t\t\t\t<\/div>\n\t\t\t\t<div class=\"elementor-element elementor-element-0f83a47 elementor-widget elementor-widget-text-editor\" data-id=\"0f83a47\" data-element_type=\"widget\" data-widget_type=\"text-editor.default\">\n\t\t\t\t<div class=\"elementor-widget-container\">\n\t\t\t\t\t\t\t\t\t<p><img decoding=\"async\" class=\"size-medium wp-image-3124 alignleft\" src=\"https:\/\/pestis.fi\/wp-content\/uploads\/2022\/05\/Valokuva-henkilolta-Assi-4-225x300.jpg\" alt=\"\" width=\"225\" height=\"300\" srcset=\"https:\/\/pestis.fi\/wp-content\/uploads\/2022\/05\/Valokuva-henkilolta-Assi-4-225x300.jpg 225w, https:\/\/pestis.fi\/wp-content\/uploads\/2022\/05\/Valokuva-henkilolta-Assi-4-768x1024.jpg 768w, https:\/\/pestis.fi\/wp-content\/uploads\/2022\/05\/Valokuva-henkilolta-Assi-4-1152x1536.jpg 1152w, https:\/\/pestis.fi\/wp-content\/uploads\/2022\/05\/Valokuva-henkilolta-Assi-4.jpg 1200w\" sizes=\"(max-width: 225px) 100vw, 225px\" \/>Jukka Suvio on valmistunut fysioterapeutiksi vuonna 1979 Turun sairaanhoito-oppilaitoksesta.<\/p><p>Jukan ensimm\u00e4inen ty\u00f6paikka oli runsaan vuoden ajan Satalinnan Sairaala. Yritt\u00e4j\u00e4ksi Jukka ryhtyi helmikuussa v. 1981 perustaessaan Harjavaltaan fysikaalinen hoitolaitos Kunto-Tutka Ky:n.<\/p><p><span style=\"color: var( --e-global-color-text ); letter-spacing: var(--bodyLetterSpacing); text-transform: var(--bodyTextTransform); background-color: var(--nv-site-bg);\">Vuonna 1988 h\u00e4n siirtyi Eurajoelle perustamaansa fysikaalinen hoitolaitos Kuntotaito Ay:hyn. Vuonna 1994 h\u00e4n aloitti toiminnan Eurassa yhdess\u00e4 vaimonsa Eijan kanssa perustamassaan Kunto-Eura Ky:ss\u00e4.<\/span><\/p><p>Kunto-Euran toiminta Eurassa p\u00e4\u00e4ttyi maaliskuussa 2017, jolloin toiminta siirtyi Parkanoon. Jukka ja Eija Suvio ostivat Kuntosali Pestiksen toiminnan laitteineen helmikuussa 2018.<\/p>\t\t\t\t\t\t\t\t<\/div>\n\t\t\t\t<\/div>\n\t\t\t\t\t<\/div>\n\t\t<\/div>\n\t\t\t\t\t<\/div>\n\t\t<\/section>\n\t\t\t\t<\/div>\n\t\t","protected":false},"excerpt":{"rendered":"<p>Yritys ja henkil\u00f6kunta Eija Suvio Kuntohoitaja Eija Suvio on valmistunut Helsingin terveydenhuolto-oppilaitoksesta vuonna 1989. H\u00e4n on ty\u00f6skennellyt mm. Ikaalisten kylpyl\u00e4ss\u00e4 kuntohoitajana vuosina 1989-1992 ja vuonna 1993 Eurajoella fysikaalinen hoitolaitos Kuntotaito ay:ss\u00e4. Vuonna 1994 Eija aloitti ty\u00f6skentelyn yritt\u00e4j\u00e4n\u00e4 yhdess\u00e4 miehens\u00e4 Jukan kanssa perustamassaan fysikaalinen hoitolaitos Kunto-Eura Ky:ss\u00e4. Vuonna 2011 Eija laajensi ty\u00f6kentt\u00e4\u00e4ns\u00e4 aloittamalla toimitusjohtajana kuntosali Euran&hellip;&nbsp;<a href=\"https:\/\/pestis.fi\/index.php\/tietoa-yrityksesta\/\" rel=\"bookmark\">Read More &raquo;<span class=\"screen-reader-text\">Henkil\u00f6kunta<\/span><\/a><\/p>\n","protected":false},"author":1,"featured_media":0,"parent":0,"menu_order":0,"comment_status":"closed","ping_status":"closed","template":"elementor_header_footer","meta":{"neve_meta_sidebar":"","neve_meta_container":"","neve_meta_enable_content_width":"off","neve_meta_content_width":100,"neve_meta_title_alignment":"","neve_meta_author_avatar":"","neve_post_elements_order":"","neve_meta_disable_header":"","neve_meta_disable_footer":"","neve_meta_disable_title":"","footnotes":""},"class_list":["post-1059","page","type-page","status-publish","hentry"],"_links":{"self":[{"href":"https:\/\/pestis.fi\/index.php\/wp-json\/wp\/v2\/pages\/1059","targetHints":{"allow":["GET"]}}],"collection":[{"href":"https:\/\/pestis.fi\/index.php\/wp-json\/wp\/v2\/pages"}],"about":[{"href":"https:\/\/pestis.fi\/index.php\/wp-json\/wp\/v2\/types\/page"}],"author":[{"embeddable":true,"href":"https:\/\/pestis.fi\/index.php\/wp-json\/wp\/v2\/users\/1"}],"replies":[{"embeddable":true,"href":"https:\/\/pestis.fi\/index.php\/wp-json\/wp\/v2\/comments?post=1059"}],"version-history":[{"count":203,"href":"https:\/\/pestis.fi\/index.php\/wp-json\/wp\/v2\/pages\/1059\/revisions"}],"predecessor-version":[{"id":3128,"href":"https:\/\/pestis.fi\/index.php\/wp-json\/wp\/v2\/pages\/1059\/revisions\/3128"}],"wp:attachment":[{"href":"https:\/\/pestis.fi\/index.php\/wp-json\/wp\/v2\/media?parent=1059"}],"curies":[{"name":"wp","href":"https:\/\/api.w.org\/{rel}","templated":true}]}}

Henkilökunta

<div data-elementor-type="wp-page" data-elementor-id="1059" class="elementor elementor-1059" data-elementor-post-type="page">
						<section class="elementor-section elementor-top-section elementor-element elementor-element-964b33e elementor-section-full_width elementor-section-height-min-height elementor-section-height-default elementor-section-items-middle" data-id="964b33e" data-element_type="section" data-settings="{&quot;background_background&quot;:&quot;classic&quot;}">
						<div class="elementor-container elementor-column-gap-default">
					<div class="elementor-column elementor-col-100 elementor-top-column elementor-element elementor-element-e15cc37" data-id="e15cc37" data-element_type="column">
			<div class="elementor-widget-wrap elementor-element-populated">
						<div class="elementor-element elementor-element-4a9e66b elementor-widget elementor-widget-heading" data-id="4a9e66b" data-element_type="widget" data-widget_type="heading.default">
				<div class="elementor-widget-container">
					<h2 class="elementor-heading-title elementor-size-default">Yritys ja henkilökunta</h2>				</div>
				</div>
					</div>
		</div>
					</div>
		</section>
				<section class="elementor-section elementor-top-section elementor-element elementor-element-e95bf8b elementor-section-full_width elementor-section-height-min-height elementor-section-height-default elementor-section-items-middle" data-id="e95bf8b" data-element_type="section">
						<div class="elementor-container elementor-column-gap-default">
					<div class="elementor-column elementor-col-100 elementor-top-column elementor-element elementor-element-e2ad75c" data-id="e2ad75c" data-element_type="column">
			<div class="elementor-widget-wrap">
							</div>
		</div>
					</div>
		</section>
				<section class="elementor-section elementor-top-section elementor-element elementor-element-1c42610 elementor-section-full_width elementor-section-height-min-height elementor-section-items-top elementor-section-height-default" data-id="1c42610" data-element_type="section">
						<div class="elementor-container elementor-column-gap-default">
					<div class="elementor-column elementor-col-50 elementor-top-column elementor-element elementor-element-c709d7d" data-id="c709d7d" data-element_type="column" data-settings="{&quot;background_background&quot;:&quot;classic&quot;}">
			<div class="elementor-widget-wrap elementor-element-populated">
						<div class="elementor-element elementor-element-e234b26 elementor-widget elementor-widget-heading" data-id="e234b26" data-element_type="widget" data-widget_type="heading.default">
				<div class="elementor-widget-container">
					<h2 class="elementor-heading-title elementor-size-default">Eija Suvio</h2>				</div>
				</div>
				<div class="elementor-element elementor-element-e03ab90 elementor-widget elementor-widget-text-editor" data-id="e03ab90" data-element_type="widget" data-widget_type="text-editor.default">
				<div class="elementor-widget-container">
									<p><img fetchpriority="high" decoding="async" class="size-medium wp-image-3125 alignleft" src="https://pestis.fi/wp-content/uploads/2022/05/Valokuva-henkilolta-Assi-225x300.jpg" alt="" width="225" height="300" srcset="https://pestis.fi/wp-content/uploads/2022/05/Valokuva-henkilolta-Assi-225x300.jpg 225w, https://pestis.fi/wp-content/uploads/2022/05/Valokuva-henkilolta-Assi-769x1024.jpg 769w, https://pestis.fi/wp-content/uploads/2022/05/Valokuva-henkilolta-Assi-768x1022.jpg 768w, https://pestis.fi/wp-content/uploads/2022/05/Valokuva-henkilolta-Assi-1154x1536.jpg 1154w, https://pestis.fi/wp-content/uploads/2022/05/Valokuva-henkilolta-Assi.jpg 1232w" sizes="(max-width: 225px) 100vw, 225px" />Kuntohoitaja Eija Suvio on valmistunut Helsingin terveydenhuolto-oppilaitoksesta vuonna 1989.</p><p>Hän on työskennellyt mm. Ikaalisten kylpylässä kuntohoitajana vuosina 1989-1992 ja vuonna 1993 Eurajoella fysikaalinen hoitolaitos Kuntotaito ay:ssä.</p><p>Vuonna 1994 Eija aloitti työskentelyn yrittäjänä yhdessä miehensä Jukan kanssa perustamassaan fysikaalinen hoitolaitos Kunto-Eura Ky:ssä.</p><p>Vuonna 2011 Eija laajensi työkenttäänsä aloittamalla toimitusjohtajana kuntosali Euran Kuntis Oy:ssä, missä tehtävässä hän jatkoi 29.2.2016 asti.</p>								</div>
				</div>
					</div>
		</div>
				<div class="elementor-column elementor-col-50 elementor-top-column elementor-element elementor-element-f467d17" data-id="f467d17" data-element_type="column">
			<div class="elementor-widget-wrap elementor-element-populated">
						<div class="elementor-element elementor-element-d99713b elementor-widget elementor-widget-heading" data-id="d99713b" data-element_type="widget" data-widget_type="heading.default">
				<div class="elementor-widget-container">
					<h2 class="elementor-heading-title elementor-size-default">Jukka Suvio</h2>				</div>
				</div>
				<div class="elementor-element elementor-element-0f83a47 elementor-widget elementor-widget-text-editor" data-id="0f83a47" data-element_type="widget" data-widget_type="text-editor.default">
				<div class="elementor-widget-container">
									<p><img decoding="async" class="size-medium wp-image-3124 alignleft" src="https://pestis.fi/wp-content/uploads/2022/05/Valokuva-henkilolta-Assi-4-225x300.jpg" alt="" width="225" height="300" srcset="https://pestis.fi/wp-content/uploads/2022/05/Valokuva-henkilolta-Assi-4-225x300.jpg 225w, https://pestis.fi/wp-content/uploads/2022/05/Valokuva-henkilolta-Assi-4-768x1024.jpg 768w, https://pestis.fi/wp-content/uploads/2022/05/Valokuva-henkilolta-Assi-4-1152x1536.jpg 1152w, https://pestis.fi/wp-content/uploads/2022/05/Valokuva-henkilolta-Assi-4.jpg 1200w" sizes="(max-width: 225px) 100vw, 225px" />Jukka Suvio on valmistunut fysioterapeutiksi vuonna 1979 Turun sairaanhoito-oppilaitoksesta.</p><p>Jukan ensimmäinen työpaikka oli runsaan vuoden ajan Satalinnan Sairaala. Yrittäjäksi Jukka ryhtyi helmikuussa v. 1981 perustaessaan Harjavaltaan fysikaalinen hoitolaitos Kunto-Tutka Ky:n.</p><p><span style="color: var( --e-global-color-text ); letter-spacing: var(--bodyLetterSpacing); text-transform: var(--bodyTextTransform); background-color: var(--nv-site-bg);">Vuonna 1988 hän siirtyi Eurajoelle perustamaansa fysikaalinen hoitolaitos Kuntotaito Ay:hyn. Vuonna 1994 hän aloitti toiminnan Eurassa yhdessä vaimonsa Eijan kanssa perustamassaan Kunto-Eura Ky:ssä.</span></p><p>Kunto-Euran toiminta Eurassa päättyi maaliskuussa 2017, jolloin toiminta siirtyi Parkanoon. Jukka ja Eija Suvio ostivat Kuntosali Pestiksen toiminnan laitteineen helmikuussa 2018.</p>								</div>
				</div>
					</div>
		</div>
					</div>
		</section>
				</div>

<p>Yritys ja henkilökunta Eija Suvio Kuntohoitaja Eija Suvio on valmistunut Helsingin terveydenhuolto-oppilaitoksesta vuonna 1989. Hän on työskennellyt mm. Ikaalisten kylpylässä kuntohoitajana vuosina 1989-1992 ja vuonna 1993 Eurajoella fysikaalinen hoitolaitos Kuntotaito ay:ssä. Vuonna 1994 Eija aloitti työskentelyn yrittäjänä yhdessä miehensä Jukan kanssa perustamassaan fysikaalinen hoitolaitos Kunto-Eura Ky:ssä. Vuonna 2011 Eija laajensi työkenttäänsä aloittamalla toimitusjohtajana kuntosali Euran&hellip;&nbsp;<a href="https://pestis.fi/index.php/tietoa-yrityksesta/" rel="bookmark">Read More &raquo;<span class="screen-reader-text">Henkilökunta</span></a></p>
